mon divisor of 21551 and 23?
23
Calculate the highest common factor of 259 and 37.
37
What is the greatest common divisor of 4185 and 8835?
465
What is the highest common factor of 30 and 970?
10
Calculate the greatest common factor of 6533 and 278.
139
Calculate the highest common factor of 2628 and 72.
36
What is the highest common divisor of 27 and 4212?
27
Calculate the greatest common divisor of 13392 and 24.
24
What is the greatest common divisor of 5 and 405?
5
What is the highest common factor of 158 and 18?
2
Calculate the highest common divisor of 145 and 9280.
145
What is the highest common factor of 763 and 545?
109
Calculate the highest common factor of 57 and 9.
3
What is the highest common divisor of 4 and 376?
4
Calculate the greatest common divisor of 23086 and 68.
34
Calculate the greatest common factor of 1736 and 155.
31
Calculate the highest common factor of 111 and 3.
3
What is the greatest common factor of 38 and 19?
19
What is the highest common divisor of 31 and 31?
31
Calculate the greatest common factor of 2420 and 880.
220
What is the greatest common divisor of 221 and 13?
13
What is the highest common divisor of 32 and 480?
32
Calculate the highest common factor of 209 and 352.
11
Calculate the highest common divisor of 1036 and 12.
4
What is the highest common divisor of 620 and 248?
124
Calculate the highest common divisor of 447 and 2831.
149
What is the greatest common factor of 181 and 12851?
181
What is the highest common divisor of 530 and 901?
53
What is the greatest common factor of 24 and 84?
12
Calculate the highest common factor of 62 and 26.
2
What is the highest common divisor of 62 and 496?
62
What is the greatest common divisor of 2517 and 24?
3
Calculate the highest common divisor of 45 and 1125.
45
What is the highest common divisor of 68 and 160?
4
Calculate the highest common divisor of 3586 and 22.
22
Calculate the highest common divisor of 1358 and 194.
194
Calculate the greatest common factor of 175 and 35.
35
What is the greatest common factor of 20 and 145?
5
What is the greatest common factor of 1864 and 24?
8
Calculate the highest common factor of 44574 and 138.
138
Calculate the greatest common divisor of 3 and 7.
1
What is the greatest common divisor of 608 and 475?
19
Calculate the greatest common factor of 620 and 1612.
124
What is the highest common divisor of 70407 and 9?
9
Calculate the greatest common factor of 12180 and 20.
20
Calculate the highest common factor of 27 and 99.
9
What is the greatest common divisor of 507 and 39?
39
Calculate the greatest common factor of 19 and 1007.
19
Calculate the greatest common divisor of 27 and 963.
9
Calculate the highest common divisor of 216 and 27756.
108
What is the highest common factor of 105 and 30?
15
Calculate the greatest common factor of 2449 and 31.
31
Calculate the highest common factor of 675 and 6885.
135
What is the highest common divisor of 818 and 6?
2
Calculate the greatest common factor of 603 and 36.
9
Calculate the greatest common factor of 8 and 172.
4
Calculate the highest common divisor of 30585 and 15.
15
What is the highest common factor of 110 and 1155?
55
What is the greatest common factor of 36 and 549?
9
Calculate the greatest common divisor of 96 and 42.
6
What is the greatest common factor of 3800 and 152?
152
What is the greatest common divisor of 11304 and 72?
72
Calculate the highest common divisor of 21530 and 10.
10
What is the highest common factor of 75 and 510?
15
What is the greatest common divisor of 1815 and 15?
15
What is the greatest common factor of 130 and 455?
65
What is the highest common factor of 41 and 533?
41
Calculate the highest common divisor of 142081 and 47.
47
What is the highest common factor of 15 and 15?
15
Calculate the highest common divisor of 1564 and 1196.
92
What is the highest common divisor of 42 and 903?
21
What is the greatest common divisor of 3 and 201?
3
What is the greatest common divisor of 9 and 2601?
9
Calculate the highest common divisor of 76 and 57.
19
What is the greatest common factor of 45 and 306?
9
What is the greatest common factor of 145 and 116?
29
Calculate the greatest common divisor of 16 and 536.
8
What is the highest common factor of 76 and 855?
19
What is the greatest common factor of 9030 and 172?
86
What is the greatest common divisor of 48716 and 152?
76
Calculate the highest common factor of 13496 and 56.
56
What is the greatest common factor of 4760 and 840?
280
What is the highest common divisor of 155 and 35?
5
What is the greatest common divisor of 156 and 12?
12
What is the highest common factor of 611 and 26?
13
Calculate the greatest common divisor of 512 and 64.
64
Calculate the greatest common divisor of 284 and 4331.
71
What is the greatest common factor of 144 and 270?
18
Calculate the highest common divisor of 132 and 66.
66
What is the highest common divisor of 3537 and 1441?
131
Calculate the greatest common divisor of 1292 and 38.
38
What is the highest common divisor of 75 and 475?
25
What is the highest common divisor of 3480 and 261?
87
Calculate the greatest common divisor of 5213 and 91.
13
What is the highest common divisor of 40 and 70?
10
What is the highest common factor of 29 and 377?
29
What is the greatest common divisor of 13 and 8983?
13
What is the greatest common divisor of 24 and 426?
6
What is the greatest common factor of 1692 and 72?
36
Calculate the greatest common divisor of 17 and 17833.
17
What is the highest common divisor of 40 and 5?
5
Calculate the highest common factor of 11 and 264.
11
Calculate the greatest common factor of 126 and 1368.
18
Calculate the greatest common factor of 8 and 24968.
8
What is the highest common divisor of 522 and 3294?
18
What is the greatest common divisor of 1 and 82?
1
What is the highest common divisor of 280 and 168?
56
Calculate the greatest common divisor of 135 and 95.
5
Calculate the greatest common factor of 2059 and 1846.
71
What is the greatest common factor of 21526 and 94?
94
Calculate the greatest common factor of 84 and 16.
4
Calculate the highest common factor of 20432 and 16.
16
What is the highest common divisor of 208 and 494?
26
What is the greatest common factor of 584 and 32?
8
What is the highest common factor of 144 and 1620?
36
What is the highest common factor of 540 and 240?
60
Calculate the highest common divisor of 510 and 18190.
170
Calculate the highest common factor of 250 and 12350.
50
What is the greatest common divisor of 486 and 405?
81
Calculate the greatest common factor of 1288 and 138.
46
Calculate the highest common factor of 2475 and 18.
9
Calculate the greatest common divisor of 990 and 6050.
110
What is the highest common factor of 216 and 2772?
36
What is the greatest common factor of 1536 and 1632?
96
Calculate the greatest common factor of 30 and 195.
15
Calculate the greatest common divisor of 452 and 21922.
226
What is the highest common factor of 42 and 1701?
21
Calculate the highest common factor of 3774 and 204.
102
Calculate the greatest common divisor of 3870 and 1118.
86
Calculate the highest common factor of 6 and 12123.
3
What is the greatest common factor of 3938 and 537?
179
Calculate the greatest common divisor of 260 and 160.
20
Calculate the highest common factor of 12 and 276.
12
Calculate the greatest common factor of 2 and 15.
1
Calculate the highest common factor of 5332 and 516.
172
What is the greatest common divisor of 3972 and 30?
6
What is the greatest common factor of 11300 and 200?
100
Calculate the highest common divisor of 1007 and 1961.
53
What is the highest common divisor of 1170 and 312?
78
What is the highest common factor of 100 and 450?
50
Calculate the highest common factor of 24 and 123.
3
Calculate the greatest common factor of 5940 and 90.
90
What is the greatest common divisor of 216 and 270?
54
Calculate the greatest common factor of 323 and 209.
19
What is the highest common divisor of 2600 and 240?
40
What is the highest common divisor of 290 and 17545?
145
Calculate the greatest common divisor of 120 and 4760.
40
Calculate the highest common divisor of 20 and 170.
10
Calculate the highest common divisor of 46905 and 636.
159
What is the greatest common factor of 93 and 3968?